-10*t - 5*t + 30 = 0. Suppose 0 = z + 4, 0*c + t*z = 3*c - 23. Suppose 2*q - 5*q - 24 = -g, 20 = g - q. Calculate the remainder when g is divided by c.
3
Suppose 32*v + 96*v + 2316 = 20492. Calculate the remainder when 554 is divided by v.
128
Let p = -118 - -107. Let z(g) = 3*g**2 + 27*g. What is the remainder when z(p) is divided by 28?
10
What is the remainder when (-262)/(-8) - (-4)/16 is divided by 1559/(-10913) + 324/14?
10
Let b(z) = -z**3 - 10*z**2 + 6. Let s be b(-7). Let v = -135 - s. Calculate the remainder when 13 is divided by v.
1
Suppose 330 = -6*p + 1590. Calculate the remainder when 810 is divided by p.
180
Suppose 12072 = -452*d + 454*d + 4*f, -2*f + 12086 = 2*d. What is the remainder when d is divided by 37?
19
Suppose -2*j - 6 = 0, 8*k = 7*k - 2*j - 1. Suppose 15 = -5*p, 2*l + 9 = k*p + 34. Let a(d) = 4*d**2 + 2. What is the remainder when a(-2) is divided by l?
3
Let k = 62 + -50. What is the remainder when (117 - 1) + 6*8/24 is divided by k?
10
Suppose -s = 0, 537 = 3*x - 5*s + 2*s. Suppose 3*b = -3*v + 138, v + 0*v + x = 4*b. Let n = -41 + b. What is the remainder when 15 is divided by n?
3
Let l = -138 - -222. Let s = 98 + -89. Calculate the remainder when l is divided by (39 - s - 7) + (-2)/2.
18
Let w = -53 - -59. Let h = w - 12. What is the remainder when (h + (-26)/(-5))/((-2)/125) is divided by 17?
16
What is the remainder when (-2)/(-4) - (181089/(-38))/27 is divided by 57?
6
Suppose -80*s + 4686 + 3314 = 0. Calculate the remainder when 499 is divided by s.
99
Let i = 22673 + -22661. Calculate the remainder when 9741 is divided by i.
9
Let u(a) = 26*a**2 + 265*a + 70. Suppose -2 = -2*h - 2*r, -r = 3*h + r - 8. Calculate the remainder when 76/h*(3 - 0) is divided by u(-10).
18
Let h = 512 + -499. Suppose -492 = -6*c - 186. Calculate the remainder when c is divided by h.
12
Suppose -3*y = 4*k + 487, 6*y = 3*k + 4*y + 378. Suppose 463 + 453 + 138 = -17*l. Let s = l - k. What is the remainder when s is divided by 21?
20
Suppose 10*a + 21*a - 370 - 591 = 0. What is the remainder when 1806/12 + 3/6 is divided by a?
27
Suppose k = -74 + 84. Suppose h + 0*f - 91 = 5*f, -2*f = -k. What is the remainder when h is divided by 15?
11
Let q be (1536/14)/((-18)/(-252)). Suppose 0 = -2*b - 6*b + q. What is the remainder when b is divided by 66?
60
Let u = 399 - 397. Let t be 262/3 - 2/6. Suppose t = q + u*q. What is the remainder when 113 is divided by q?
26
Suppose 106 = 4*v - 2*c, -3*v + 4*c = -c - 90. Let r = 356 - 360. What is the remainder when (-14 + 68)*r/(-3) is divided by v?
22
Suppose 4*q = 2*x - 40, x = -232*q + 236*q + 32. Let u(c) = -43*c + 4. Calculate the remainder when u(-3) is divided by x.
5
Let t(o) = 1. Let i(p) = p**3 + 13*p**2 - 2*p - 2. Let m(a) = i(a) - 3*t(a). Suppose 2034 = -122*r + 448. Calculate the remainder when m(r) is divided by 2.
1
Let q = 375 + -281. Suppose -2*r - 3*r + 25 = 0, 4*r - 47 = -3*d. Calculate the remainder when q is divided by d.
4
Suppose -32 = s + 119. Let f be s/(-4) + 6 + 81/(-12). Suppose -3*i - 7 = -f. Calculate the remainder when 39 is divided by i.
9
Suppose 0 = 4*x - 5*k - 7, 4*x - 2*k = k + 17. Suppose 0 = 4*c + 10 - 2, c = -q + 6. Calculate the remainder when q is divided by x.
0
Let b(u) = -u**3 + 12*u**2 + 46*u - 11. Let g be b(15). Suppose 46 = v - g*p, -2*v = 5*p - 8*p - 82. Calculate the remainder when v is divided by 14.
10
Suppose 5*o + 2470 = 6*o - g, -5*o + 12430 = 5*g. Calculate the remainder when o is divided by 59.
0
Let r = -270 - -298. Let p(i) = 2*i**3 - 4*i**2 + 1. What is the remainder when r is divided by p(3)?
9
Let b = -2979 - -3016. Calculate the remainder when 1588 is divided by b.
34
Suppose 4*g - 3*g - 2*x - 85 = 0, -15 = -5*x. Suppose -4*i + 3*l = -192, -43*i + l = -39*i - 200. Calculate the remainder when g is divided by i.
40
Calculate the remainder when 1792 is divided by (0 - (-416)/3) + 2676/(-4014).
136
Calculate the remainder when 1239 is divided by ((-92)/28 - -3)*-217.
61
Let x = 749 + -639. Calculate the remainder when x is divided by 28.
26
Suppose -4*s - 49*t + 47*t + 444 = 0, -3*t = 4*s - 442. Calculate the remainder when 301 is divided by s.
77
Let d be (-144)/(6/(-2 + -16)). Suppose -193*a + 205*a - d = 0. Calculate the remainder when 611 is divided by a.
35
Suppose 5*i + 9 = 2*q + 63, -51 = -4*i - q. Suppose 3*r - i = -2*w + 9, r = -2*w + 11. Suppose -5*v + 6*v - w = 0. What is the remainder when 5 is divided by v?
2
Suppose 0 = 137*z + 76*z - 4726896. Calculate the remainder when z is divided by 27.
25
Let k(n) = n**3 + 21*n**2 - 72*n + 13. Let i be k(-24). What is the remainder when 277 is divided by (19 - i) + 3 + 0?
7
Suppose 2*n + 9 = 5*x, 3*n - x - 2*x = -18. What is the remainder when ((-18)/7)/(1/n) is divided by 5?
3
Let q(p) = -p**2 + p - 18. Let r be q(0). Suppose -20*o = -19*o - 5*x - 130, 2*x = -2*o + 308. What is the remainder when o is divided by (-456)/r*3/2?
36
Calculate the remainder when -3 + 409 + -5 + 96/24 is divided by 12.
9
What is the remainder when 23/(2 - 3828/1948) + (-42)/(-357) is divided by 24?
11
Let l = -1799 + 1933. What is the remainder when 1750 is divided by l?
8
Let y = 6646 - 4588. What is the remainder when y is divided by 29?
28
Suppose -3*b - 5*i = -16, 0 = -3*b + 6*b + 4*i - 14. Suppose -1035 = -25*y + b*y. Calculate the remainder when 179 is divided by y.
44
What is the remainder when 674 is divided by 42/70*(196 + 12/(-2))?
104
Let w be 1 + -2 + -11 + (-4 - 1). Let i(h) = h**2 - h - 6. Let y be i(-7). Let b = w + y. Calculate the remainder when b is divided by 6.
3
Let r(y) = 62*y - 1292. Calculate the remainder when r(28) is divided by 437.
7
Let z = -41780 + 41960. Calculate the remainder when 7194 is divided by z.
174
Let c = -11115 - -11219. Calculate the remainder when 9463 is divided by c.
103
Let i(h) = 2*h - 9. Let g be i(3). Let j(z) = 11 - 2 - 12*z - 24*z. What is the remainder when j(g) is divided by 12?
9
Let q = -3 + 4. Let r(h) = -h**3 + 21*h**2 - 24*h + 1021. What is the remainder when (110 - 4) + -1 + q is divided by r(22)?
7
Let w(z) = -z**3 + 39*z**2 + 35*z - 522. What is the remainder when w(24) is divided by 160?
158
Suppose 23*x + 156831 = 160189. Calculate the remainder when 473 is divided by x.
35
Suppose -3*x + 297 = 4*f, 3*f = 206*x - 209*x + 222. Calculate the remainder when 243 is divided by f.
18
Suppose q = -4*b + 139, q - 27*b = -30*b + 132. Calculate the remainder when q is divided by 95.
16
Let x = -2775 - -2932. What is the remainder when 494 is divided by x?
23
Let j(s) = 29*s**2 + 271*s - 25. What is the remainder when j(-11) is divided by 8?
7
Calculate the remainder when (94094/637)/(-1*(-3)/21) is divided by 282.
188
Let p(v) = 65*v - 17. Suppose -198 = 4*h - 222. What is the remainder when p(h) is divided by 34?
33
Suppose -u - g = -45, 0*g = u - g - 35. Suppose u = 6*s - 50. Calculate the remainder when 152 is divided by (0 - 1)/(s/(-210)).
12
Let h(r) = 9*r**2 - 8*r + 4. Let w(f) = f**2 - 162*f + 38. What is the remainder when h(5) is divided by w(0)?
37
Let x(d) = 3*d**3 - 12*d + 21. Suppose -17 = -4*t - 5. What is the remainder when x(3) is divided by 16 + 1 + t + -3?
15
Suppose c = 2*z + 81 + 62, z = c - 138. What is the remainder when c is divided by (0 - 0) + 5/(20/36)?
7
Let h(v) = -34*v + 196. Let r(j) = -j - 3. Let i be r(-5). Let y(t) = 7*t - 39. Let s(x) = i*h(x) + 11*y(x). Calculate the remainder when 48 is divided by s(7).
22
Suppose -2*d - 3*y = -244, -2*y + 122 = d + 3*y. Suppose -5*x - d = -627. Let n(z) = -z**2 + 20*z + 55. Calculate the remainder when x is divided by n(21).
33
Let m(u) = -2*u**3 - 21*u**2 - 27*u + 4. Let t(v) = v**3 + v**2 + 1. Let w(o) = m(o) + 3*t(o). What is the remainder when w(20) is divided by 67?
66
Let k = 90 - 24. Let o(n) = n**3 + 9*n**2 - 15*n - 195. Calculate the remainder when k is divided by o(-6).
0
Suppose -4*y - 4*g + 136 = 0, -3*y + 5*g + 34 = -124. What is the remainder when 15087 is divided by y?
40
Let k = 886 + -886. Suppose -l + 30 = -29*u + 27*u, 4*l + 5*u - 107 = k. Calculate the remainder when 894 is divided by l.
26
Suppose -5*y - 1098 = -3658. Calculate the remainder when y is divided by 255.
2
Let d(x) = x**2 + 9*x - 316. Calculate the remainder when d(-37) is divided by 63.
27
Su